 the highest common divisor of 26 and h.
13
Suppose -5 = -5*o + 20. Suppose -37 = -o*b + 113. Calculate the greatest common factor of b and 12.
6
Let o(l) = 8*l**2 - 9. Let n be o(-4). Let j = -105 + n. Let a(d) = d + 14. Let y be a(0). What is the highest common divisor of j and y?
14
Let d = -85 - -133. Let y = -27 + d. What is the greatest common divisor of 63 and y?
21
Let u = -667 - -986. Calculate the highest common divisor of u and 11.
11
Let h be 0*1/1 + 10. Let c = -653 - -663. Calculate the greatest common factor of c and h.
10
Suppose -b + 6*b = 1275. Suppose -7*o = -b + 59. Calculate the greatest common divisor of o and 14.
14
Let q be (-51)/(-12) + -4 + (-59)/(-4). Let g = 33 - 23. Calculate the greatest common divisor of g and q.
5
Suppose -5*a + 405 = 5*d, 0 = -2*d + d - 3*a + 87. Calculate the highest common factor of d and 117.
39
Suppose -2*o + 35*t = 33*t - 270, -2*o + 4*t + 276 = 0. Calculate the highest common factor of 198 and o.
66
Suppose -4*n = 5*q - 2302, 9*q - 6*q + 5*n - 1376 = 0. Calculate the greatest common divisor of 70 and q.
14
Let x be -2 + 5 + (-7 - -4). Suppose d = -x*d - 6. Let p be (34/8)/(d/(-24)). What is the highest common factor of 34 and p?
17
Let s be ((-2)/(-3))/(-1 - (-11)/9). Let b be -1*-36*(s - 1). Let i(q) = 2*q**2 - 9*q. Let l be i(6). Calculate the greatest common divisor of l and b.
18
Let w(i) = -i**3 - 10*i**2 - 4*i - 14. Suppose 4*f = 6*f + 20. Let q be w(f). What is the highest common divisor of 13 and q?
13
Let c = 6 - 10. Let t(g) = -23*g + 4. Let m be t(c). Suppose -71 = -4*o - 23. Calculate the greatest common factor of o and m.
12
Let o(d) = -d**2 - 19*d - 4. Let l be o(-10). Let v = l - 34. What is the highest common divisor of 13 and v?
13
Let o = 313 + -301. What is the highest common divisor of o and 144?
12
Suppose 173*n = 171*n + 2. What is the greatest common divisor of n and 11?
1
Let s(p) = 2*p**2 - p - 1. Let d be s(-3). Let t(a) = 55*a**3 - 4*a**2 - 6*a + 5. Let q be t(1). What is the highest common divisor of d and q?
10
Suppose -5*z = -0*z - 35. Let n = 3 - z. Let k be (0 - -2) + (4 - n). Calculate the greatest common divisor of k and 30.
10
Suppose 6*t + 0*t = 102. Calculate the greatest common divisor of 1 and t.
1
Suppose 145 = 14*n - 275. What is the greatest common factor of 3 and n?
3
Let g = 1058 - 904. Calculate the greatest common divisor of 140 and g.
14
Let p(o) = o - 11. Suppose 7 = 2*l + u - 13, 2*l + 5*u = 20. Let a be p(l). Let n be -1 + (a - -3 - -5). Calculate the highest common factor of n and 2.
2
Suppose -257 = -9*h + 58. What is the highest common factor of h and 14?
7
Let w be (4/6)/(-1*(-4)/30). Suppose -w*h = -223 - 227. What is the greatest common factor of 18 and h?
18
Suppose -u = -36*u + 25935. What is the highest common factor of u and 57?
57
Let t(k) = k**3 - 23*k**2 + 21*k + 23. Let z be t(22). Calculate the greatest common divisor of 1 and z.
1
Let h(n) be the second derivative of n**4/12 - n**3/3 - 15*n**2/2 - 9*n. Let b be h(6). Calculate the highest common factor of 6 and b.
3
Let o = -33 + 63. Let n(h) = -20*h - 40. Let t be n(-5). Calculate the highest common factor of t and o.
30
Let r = -247 - -309. Let i = -7 - -12. Suppose i*u = 88 + r. Calculate the highest common factor of 30 and u.
30
Let m(k) = -29*k + 319. Let p be m(9). Calculate the greatest common divisor of p and 725.
29
Suppose 24576 = -4*u + 36*u. What is the greatest common divisor of 12 and u?
12
Let t(a) = a**3 - 15*a**2 + 7*a + 61. Let w be t(15). Calculate the greatest common factor of 2 and w.
2
Let i = 2077 - 1910. What is the greatest common divisor of 2 and i?
1
Let m(z) = -z**2 + 14*z - 21. Let l be m(13). Let g(o) = -o**3 - 5*o**2 + 25*o + 11. Let p be g(l). Calculate the highest common factor of 3 and p.
3
Let g be 2/(-4)*(-37 - 1). Suppose -2*t + 28*p = 32*p - 10, -3*p = 3*t - 3. Let w = g + t. Calculate the greatest common divisor of w and 2.
2
Suppose -4*a = r - 761, 2*a - 5*r = -0*r + 353. Suppose 0 = 9*l - 22 - 221. What is the highest common factor of a and l?
27
Let x be (8/(-10))/((-8)/240). Let s(p) = -p**3 + 7*p**2 + 10*p - 10. Let n be s(7). What is the highest common divisor of n and x?
12
Let c(n) = 17*n**2 - 64*n - 1. Let d be c(-2). Calculate the greatest common divisor of 120 and d.
15
Let v be (1/3)/(3/45). Suppose -88 = -3*b - 4*r, -5*r - v = -2*b + 46. Calculate the greatest common factor of 4 and b.
4
Suppose i + 1 - 1 = 0. Suppose i = -f + 14*f - 351. Calculate the highest common factor of 297 and f.
27
Let p(t) = 31*t + 21. Let l(o) = 21*o + 14. Let u(a) = -7*l(a) + 5*p(a). Let x be u(8). Let f = x + -48. Calculate the greatest common factor of f and 46.
23
Let t(o) = 11*o - 1. Let x be t(1). Suppose 4*g + x = 2. Let h be (36 - 2)*(-5)/g. What is the highest common divisor of h and 17?
17
Let s = -282 + 426. Let b be (-2)/11 + 712/44. Calculate the highest common divisor of b and s.
16
Let x(i) = 12*i**2 - 43*i - 86. Let y be x(-2). Calculate the highest common factor of 96 and y.
48
Let y(w) = 6*w**2 - w + 3. Let u be y(-3). Suppose -p - 4*p = u. Let a be (0 - -1) + 1 - p. Calculate the highest common factor of a and 154.
14
Let p = 69 + -113. Let y = 65 + p. Suppose -4*c + 320 = -4*r, -4*r + 8*r - 184 = -2*c. Calculate the highest common factor of c and y.
21
Let j(r) = r**2 + 24*r - 48. Let a be j(-27). Calculate the greatest common factor of 22 and a.
11
Let s = 441 + -210. Calculate the highest common factor of s and 165.
33
Suppose 31*o = 505 + 580. What is the greatest common divisor of 14 and o?
7
Let j(w) = 7*w**2 - 51*w - 30. Let d be j(8). Calculate the greatest common factor of d and 470.
10
Suppose 13*t - 91 = 6*t. Calculate the highest common factor of t and 221.
13
Let l = -1 + 3. Suppose -l*j = g - 38, -j = -5*g + 2*j + 229. Suppose -g - 136 = -3*s. What is the greatest common divisor of 15 and s?
15
Let d(s) = s - 7. Let b be d(-8). Let o be 2/(-10) - 63/b. Suppose 14 = 2*l + 4*r, 0 = 2*r - 6*r + 12. What is the highest common divisor of l and o?
1
Suppose -436 = 6*t - 550. What is the highest common factor of 304 and t?
19
Let b = -3 + 12. Let l(d) = 3*d**2 + 20*d - 42. Let t(w) = w**2. Let k(a) = -l(a) + 4*t(a). Let s be k(21). What is the greatest common divisor of b and s?
9
Let z be (-8078)/(-98) - (-12)/(-28). Calculate the greatest common factor of 328 and z.
82
Suppose -19*g = -813 - 650. What is the highest common factor of g and 56?
7
Suppose 12*g - 714 = 5*g. Calculate the highest common factor of 646 and g.
34
Suppose -4 = b - 62. Let x = -5993 - -6022. What is the highest common factor of x and b?
29
Suppose 9*v - 2394 - 2709 = 0. What is the greatest common factor of v and 63?
63
Suppose -5*r + 933 = 313. Calculate the highest common factor of r and 93.
31
Suppose 0 = 26*z - 6482 - 4334. Calculate the greatest common divisor of z and 13.
13
Let g(j) = j**2 - 3*j - 10. Let l be g(8). Let d(c) = -10*c + 80. Let h be d(7). What is the greatest common factor of h and l?
10
Suppose 3*n + 450 = 8*n. Suppose -3*b = -11 - 22. Suppose 2*f - b = 2*x - 3*x, 62 = 4*x - f. Calculate the highest common divisor of n and x.
15
Suppose -5*l - 2*u = -234, -4*l + 5*u + 63 = -3*l. What is the greatest common factor of l and 72?
24
Suppose 0 = 8*m - 17*m + 54. Calculate the greatest common divisor of m and 129.
3
Let b(k) = 3*k**2 + 23*k - 12. Let f be b(-12). Suppose l = -l + f. What is the greatest common factor of l and 8?
8
Let j = -467 + 1402. Calculate the highest common divisor of 340 and j.
85
Let c(o) = 9*o**2 - 17*o + 2. Let q be c(-7). Let s be q/8 + (-6)/24. What is the greatest common factor of s and 14?
14
Suppose -112 = -10*w - 2. Suppose -w*i + 5*i = -162. Calculate the greatest common factor of i and 3.
3
Let g = -538 + 565. Calculate the highest common divisor of 171 and g.
9
Suppose 0 = -17*m + 6*m + 770. Let z = 71 - m. Calculate the highest common factor of z and 8.
1
Let q(l) = -l**3 + 13*l**2 - 2*l + 31. Let d be q(13). Calculate the greatest common factor of 9 and d.
1
Let v be 15678/45 + -7 + 9/15. What is the greatest common factor of v and 18?
18
Let h = -1133 + 1173. What is the highest common divisor of 4040 and h?
40
Let x be (4 - 8)/(6/(-15)). Let d(j) = 34*j + 13. Let m be d(-6). Let l = 